*a**3 - 7*a**2 - 6*a + 4. Let i be l(-5). Let j = i - 602. Is j a prime number?
True
Let m = 25724 - 7555. Is m a prime number?
True
Let z be (-2)/8 - (-132)/16. Suppose -6*p + z = -2*p. Suppose 2*t - 125 = -p*r - 13, r + 274 = 5*t. Is t a prime number?
False
Let t(q) = q**2 + 1 - 2*q**2 + 0*q**2 - 142*q + 180*q. Is t(14) composite?
False
Let y(s) = -s + 22. Let p be y(17). Suppose p*i = -0*i. Suppose 4*w = -o + 1128 + 64, i = 3*o + 12. Is w prime?
False
Suppose -4*l + 9788 = 2*n, 2*n - 2*l + 2887 - 12669 = 0. Suppose -424 + n = 4*d. Is d composite?
False
Suppose 3*j - 3 = 4*s, -4*s + 0*s - 3*j = -27. Is s/(-15) + (-1 - (-1653)/15) prime?
True
Suppose p - 49 + 12 = -3*n, -3*p + 87 = -3*n. Let a = p - 27. Is 787*(a + -2 + -1) a composite number?
False
Let m be (-4)/(-3 + 2/2). Suppose m*o - 4 - 2 = 0. Is (-2 + o)*(88 + 1) a composite number?
False
Let a be (72*-13)/(6/(-4)). Suppose 4*l = 7*l + a. Let u = 377 + l. Is u a composite number?
True
Let c(d) = d**2 - 14*d. Let h be c(14). Suppose s = 4*x + 325, -2*s + 698 = -h*s + 4*x. Is s composite?
True
Suppose j - 8 = -j. Suppose 2*i - j*i = -680. Suppose 5*y = -d + i, 3*y + 0*y - 3*d = 186. Is y composite?
False
Let g = -98 - -36. Let k = -59 - g. Is k composite?
False
Let u = 6757 + -3836. Is u prime?
False
Let s(y) = 6*y**2 + 5*y - 65. Let m be s(-15). Suppose j - m = z, 3*z + 4810 = 4*j + 5*z. Is j a prime number?
False
Let w(m) = -m + 16. Let a be w(11). Suppose 10 = 5*j, a*j - 10 = -3*z + z. Suppose -4*u - 2*k + 850 = 0, z*k + 4*k - 12 = 0. Is u a composite number?
False
Let u = -3 + 9. Let n(r) = 3*r**3 - 4*r**2 - 11*r + 3. Let f(t) = 4*t**3 - 5*t**2 - 12*t + 4. Let a(q) = 4*f(q) - 5*n(q). Is a(u) prime?
False
Let z = -26 + 28. Suppose -z*q = -0*q. Suppose -2*t - 2*i + 1932 = q, 2*i + 2892 = 3*t - i. Is t a prime number?
False
Suppose 0*f - 65 = -5*f. Suppose 3*s - f = -j, -13 = -4*s - 3*j + 6. Suppose 165 = 2*k - d, 0*k - k + s*d = -86. Is k composite?
True
Let v = 4212 + -2267. Is v a composite number?
True
Let z = 68 - 64. Suppose 4*p = z*j - p - 912, -4 = p. Is j a prime number?
True
Suppose 5*l = 3*l + 10. Suppose 2*p = l*i + 1592, -3*p + 2*p = -4*i - 793. Suppose 10*o - 13*o = -p. Is o a prime number?
False
Let v(g) = -50*g + 29. Let w be 8/6*15/(-2). Is v(w) a prime number?
False
Let b = 54842 - 36979. Is b a prime number?
True
Suppose -f = -f + 3*f. Suppose f = 16*h - 14*h - 854. Is h prime?
False
Let w(a) = -a**2 - 5*a - 6. Let t be w(-5). Let u(r) = -3 - 9*r + 2*r**2 - 2*r**2 - r**2. Is u(t) composite?
True
Let i(r) = 44*r**2 - 17*r + 86. Is i(7) a prime number?
False
Let h(w) = -27*w - 16. Let s be h(-4). Let t = 345 - s. Is t composite?
True
Suppose 0 = -4*s + 5*j + 114768, -4*s = -6*s + 2*j + 57382. Is s a composite number?
False
Is 3 + -2 - (1 + 0)*-2292 a prime number?
True
Let x be ((-5)/(-2) - 4/(-8))*-3. Is (1 + x/(-2))*(3 + 155) a prime number?
False
Suppose -3*n = r - n + 4, -20 = 5*r + 4*n. Is (561/3 - r)*1 a prime number?
True
Let s = 1090 - 1606. Let i = -347 - s. Is i a prime number?
False
Let i(g) = 253*g + 201. Is i(17) a prime number?
False
Let g = 6622 + -1993. Is g a composite number?
True
Is 1111890/(-20)*(-4)/(-12)*-2 a prime number?
False
Let g(l) = 3*l**2 + l**3 - 7 - 4*l**2 + 0*l**2. Let j = -83 + 92. Is g(j) composite?
False
Let o(v) = -4*v**3 + 8*v**2 - 4*v - 9. Suppose -31 = 4*s - 3. Is o(s) composite?
False
Is (3/(-3))/(-3 - (-330760)/110255) composite?
False
Is 19019 + (-13)/(-26)*4 prime?
False
Let s be 188/20 + (-3)/(-5). Suppose 5*t = -g + s, -14 = -3*t + 2*g - g. Suppose t*q = 4*q - 679. Is q composite?
True
Suppose -3*f - 2*i = -209, 205 = 3*f + 3*i - 2*i. Let r = 126 - f. Is r a composite number?
False
Is -3*(-2 + 55/30)*32434 prime?
True
Let p be (3 - -8) + 1 + 3. Suppose 2*b - v - p = 0, -v - 20 = b - 4*b. Is (-2036)/(-10) - 3/b prime?
False
Let x(j) = -21*j**3 + 4*j**2 + 6*j - 19. Let a be x(-8). Suppose -3*s + a = 18*s. Is s a composite number?
False
Suppose 5*h = 5*z + 75, 4*z - 11 = -3*h + 20. Suppose 9523 - 60080 = -h*r. Is r a prime number?
True
Suppose 0 = -3*d - 3, 3*h + d - 15446 = 0. Is h prime?
False
Let j(l) = 3*l**2 - 11*l + 6. Let x be j(15). Let w = -305 + x. Is w prime?
True
Let j = -155 - 236. Let p = j + 270. Let t = -56 - p. Is t composite?
True
Let r = -19 + 27. Suppose -3*j + 6 = 0, u + 3*u + j - 14 = 0. Suppose -u*s = -r*s + 435. Is s prime?
False
Let w(g) = 9*g**2 + 7*g + 7. Let h be -1*(3 - (-4 - -1)). Is w(h) a composite number?
True
Let c(d) = 279*d**3 - 5*d**2 - 12*d - 5. Is c(4) a prime number?
False
Let b(h) = -h**3 - 5*h**2 - 5*h - 1. Let l be b(-4). Suppose 0 = -5*w - l*j + 11, -2 - 1 = j. Suppose 0 = w*k - 20, 1151 = 4*m - 3*k + 138. Is m a prime number?
True
Suppose 0*h + 132 = 4*h. Suppose -3*p = 6 - h. Is (-13651)/(-153) + (-2)/p composite?
False
Let o(n) = n**2 + 7*n + 631. Is o(0) a prime number?
True
Let i(f) = -628*f + 3. Let k = -16 + 14. Is i(k) a prime number?
True
Suppose -4*f + 0*m = 5*m - 33, -16 = -3*f - 2*m. Is 3 - (f/9 + 506/(-9)) prime?
True
Let l = -1 - -2. Let k = 496 - 288. Is 3/(l/1) + k a composite number?
False
Let g(j) = -4*j**3 - 30*j**2 + 22*j - 33. Is g(-15) a prime number?
False
Let c = 3406 + -1457. Is c a composite number?
False
Suppose 2*o - 2*b = 12714, -o - 4*b - 6369 = -2*o. Is o a prime number?
True
Suppose 36*z - 37*z + 12 = 0. Is 58/(-3)*((-1386)/z)/11 a prime number?
False
Let c(k) = 25*k**2 - 2*k + 17. Let q(z) = -z**2 - 9*z + 26. Let f be q(-11). Is c(f) a composite number?
False
Let z be 64/24*(-114)/(-4). Suppose 4*u = -0*u + 4*o + z, -5*u = o - 107. Is u a prime number?
False
Suppose i - 6936 = -3*g - 3*i, -i = -2*g + 4613. Is (2/4)/((1 + 1)/g) composite?
False
Let w(c) = c - 3. Let n be w(7). Suppose -n*g + 15 = -g. Let y = g + 2. Is y prime?
True
Let t(l) = 7*l**3 - 17*l**2 - 14*l - 19. Is t(9) a composite number?
False
Let b = 29778 + 5149. Is b a prime number?
False
Is 5 + 0 - (-16 - 2057) prime?
False
Let j = -109 - -108. Is j/(-4) + (-92060)/(-80) composite?
False
Suppose 0 = -16*v - 33647 + 148031. Is v a prime number?
False
Let i = 14 + -18. Let a = i + 9. Let r(w) = -w**3 + 5*w**2 + 5*w - 6. Is r(a) composite?
False
Suppose -3*u + 18 = -2*x, 3*u + 2*x - 9 = -3. Let s be (-1)/4 + 29/u. Suppose -s*f + 11 = -6*f. Is f composite?
False
Let z = -16474 + 64395. Is z a composite number?
True
Suppose 3977 + 3743 = 20*f. Suppose -b = i - f, 17 = 3*b + 2. Is i a composite number?
True
Is 129174/5 + ((-102)/15 - -7) a prime number?
False
Suppose 2*y + 4 = 0, 4*n - 47080 - 90666 = -5*y. Is n composite?
False
Suppose 0 = 4*f + 14 + 14. Let m(z) = -23*z. Let v be m(f). Suppose -w - 2*w - 5*u + 483 = 0, w - v = -2*u. Is w prime?
False
Let d = 239 - 458. Let z = 368 + d. Is z prime?
True
Suppose 4 = 9*k - 8*k. Let o be (-126)/(-4) - (-8)/16. Suppose 3*n - 121 = -2*r, o = k*r + 12. Is n a prime number?
True
Let p(u) = -u**2 + 7*u + 11. Let x be p(8). Suppose g + x*g = 9380. Suppose -7*k = -12*k + g. Is k composite?
True
Suppose -6*y = -y. Suppose y = 5*c - 24 - 366. Let g = 165 - c. Is g composite?
True
Let t(z) = -15*z**3 + 3*z**2 + 10*z + 3. Is t(-5) prime?
False
Let t(x) = -8 + 24 - 9 + 332*x. Is t(3) composite?
True
Suppose f = 5*y + 3932, 5*f + 35*y = 39*y + 19555. Is f a prime number?
True
Suppose 0 = 4*s - 5*q - 18033, 0 = 5*s + q + q - 22533. Is s a prime number?
True
Let c = -6059 + 14698. Is c composite?
True
Suppose -3*q - 2132 = -5*q. Let w = q + -529. Is (w/(-6))/(2/(-4)) a composite number?
False
Let s(f) = 37*f**2 - 4*f + 2. Let w be 7/((-35)/10) + 10/2. Is s(w) a prime number?
False
Suppose 3*q - 5 = 1. Suppose -q*n = -0*n - 4. Suppose -n = -2*b, 0 = -3*i - 2*i - 4*b + 1349. Is i composite?
False
Suppose -5*x - 11 = -p, -p - 5*x - 6 - 13 = 0. Let s be p*(-2)/8*7. Suppose -5*k - 114 = -s*k. Is k prime?
False
Suppose 0 = t - o - 0*o - 9, 4*o = 0. Suppose -t*q + 2933 = -2*q. Is q a prime number?
True
Let l be 104 - 4/(-1)*-1. Let c = l - 13. Suppose -p + 166 = -c. Is p prime?
False
Suppose -v = -3, 0 = -4*d - 0*v - 3*v + 1. Let b be d/(3*(-6)/45). Suppose 0 = -b*q + 3*n + 844, 2*n - 4 = -3*q + 491. Is q prime?
True
Is (0 + 33009/(-2))*(-286)/429 composite?
False
Suppose 4*o - 281253 - 385511 = 0. Is o composite?
True
Suppose 13*g - 27713 - 43293 = 0. Let d = 1